{"id":12,"date":"2023-09-18T18:27:50","date_gmt":"2023-09-18T21:27:50","guid":{"rendered":"https:\/\/aapra.org.ar\/?page_id=12"},"modified":"2024-07-19T20:18:33","modified_gmt":"2024-07-19T23:18:33","slug":"inicio","status":"publish","type":"page","link":"https:\/\/aapra.org.ar\/","title":{"rendered":"Inicio"},"content":{"rendered":"\t\t<div data-elementor-type=\"wp-post\" data-elementor-id=\"12\" class=\"elementor elementor-12\" data-elementor-post-type=\"page\">\n\t\t\t\t<div class=\"elementor-element elementor-element-1527945 e-flex e-con-boxed e-con e-parent\" data-id=\"1527945\" data-element_type=\"container\">\n\t\t\t\t\t<div class=\"e-con-inner\">\n\t\t\t\t<div class=\"elementor-element elementor-element-6dc5de6 uael-post__link-complete-yes uael-equal__height-yes elementor-widget elementor-widget-uael-posts\" data-id=\"6dc5de6\" data-element_type=\"widget\" data-settings=\"{&quot;classic_slides_to_show&quot;:1,&quot;classic_pagination_type&quot;:&quot;normal&quot;,&quot;classic_slides_to_show_tablet&quot;:2,&quot;classic_slides_to_show_mobile&quot;:1,&quot;classic_show_filters&quot;:&quot;no&quot;}\" data-widget_type=\"uael-posts.classic\">\n\t\t\t\t<div class=\"elementor-widget-container\">\n\t\t\t\t\t\t\t<div class=\"uael-post__header\">\n\t\t\t\t\t<\/div>\n\t\t<div class=\"uael-post__body\">\n\t\t\t\n\t\t\n\t\t<div class=\"uael-blog-terms-position-above_content uael-post-image-top uael-post-grid uael-posts\" data-query-type=\"custom\" data-structure=\"normal\" data-layout=\"\" data-page=\"12\" data-skin=\"classic\" data-filter-default=\"\" data-offset-top=\"30\" >\n\n\t\t\t\t\t\t\t<div class=\"uael-post-grid__inner uael-post__columns-1 uael-post__columns-tablet-2 uael-post__columns-mobile-1\">\n\t\t\t\n<div class=\"uael-post-wrapper   efem\u00e9rides uncategorized \">\n\t<div class=\"uael-post__bg-wrap\">\n\n\t\t\t\t\t<a href=\"https:\/\/aapra.org.ar\/?p=1265\" target=\"_blank\" class=\"uael-post__complete-box-overlay\" aria-label=\"Link Complete Box\"><\/a>\n\t\t\t\t\n\t\t<div class=\"uael-post__inner-wrap\">\n\n\t\t\t\t<div class=\"uael-post__thumbnail\">\n\t\t\t\n\t\t\t<a href=\"https:\/\/aapra.org.ar\/?p=1265\" target=\"_self\" title=\"2 de abril: D\u00eda del Veterano y de los Ca\u00eddos en la Guerra de Malvinas\"><img fetchpriority=\"high\" decoding=\"async\" width=\"1024\" height=\"682\" src=\"https:\/\/aapra.org.ar\/wp-content\/uploads\/2026\/04\/2B218169-93B2-492E-BC71-C46118562926.jpeg\" class=\"attachment-full size-full wp-image-1266\" alt=\"\" srcset=\"https:\/\/aapra.org.ar\/wp-content\/uploads\/2026\/04\/2B218169-93B2-492E-BC71-C46118562926.jpeg 1024w, https:\/\/aapra.org.ar\/wp-content\/uploads\/2026\/04\/2B218169-93B2-492E-BC71-C46118562926-300x200.jpeg 300w, https:\/\/aapra.org.ar\/wp-content\/uploads\/2026\/04\/2B218169-93B2-492E-BC71-C46118562926-768x512.jpeg 768w, https:\/\/aapra.org.ar\/wp-content\/uploads\/2026\/04\/2B218169-93B2-492E-BC71-C46118562926-850x566.jpeg 850w\" sizes=\"(max-width: 1024px) 100vw, 1024px\" \/><\/a>\n\t\t\t\t\t<\/div>\n\t\t\n\t\t\t\n\t\t\t<div class=\"uael-post__content-wrap\">\n\t\t\t\t\t\t\t<div class=\"uael-post__terms-wrap\"><span class=\"uael-post__terms\"><a href=\"https:\/\/aapra.org.ar\/?cat=39\" class=\"uael-listing__terms-link\" id=\"uael-post-term-efemerides\" aria-labelledby=\"uael-post-term-efemerides\">Efem\u00e9rides<\/a><\/span><\/div>\n\t\t\t\t\t\t<h3 class=\"uael-post__title\">\n\n\t\t\n\t\t\t\t\t\t<a href=\"https:\/\/aapra.org.ar\/?p=1265\" target=\"_blank\">\n\t\t\t\t2 de abril: D\u00eda del Veterano y de los Ca\u00eddos en la Guerra de Malvinas\t\t\t<\/a>\n\n\t\t\t\t<\/h3>\n\t\t\t\t\t<div class=\"uael-post__meta-data\">\n\t\t\t\t\t<span class=\"uael-post__date\">\n\t\t\t\t\t\t\t\t\t\t\t\t\t<i aria-hidden=\"true\" class=\"fa fa-calendar\"><\/i>\t\t\t\t\t\t\t\t\t\n\t\t\t2026-04-01\t\t<\/span>\n\t\t\t\t<\/div>\n\t\t\n\t\t<div class=\"uael-post__excerpt\">\n\t\t\tEn colaboraci\u00f3n con el Equipo Arqueolog\u00eda Memorias Malvinas (EAMM) El 2 de abril de 1982 constituye una fecha central en la historia argentina, en tanto marca el inicio de la Guerra de Malvinas y se configura hoy como un d\u00eda de conmemoraci\u00f3n y reflexi\u00f3n sobre los veteranos y ...\t\t<\/div>\n\n\t\t\t\t\t<a class=\"uael-post__read-more elementor-button\" href=\"https:\/\/aapra.org.ar\/?p=1265\" target=\"_blank\" aria-labelledby=\"uael-post-1265\">\n\t\t\t\t\t<span class=\"elementor-button-content-wrapper\">\n\t\t\t\t\t\t\t\t\t\t\t\t\t\t<span class=\"elementor-button-icon elementor-align-icon-left\">\n\n\t\t\t\t\t\t\t\t\t\n\t\t\t\t\t\t\t\t<\/span>\n\t\t\t\t\t\t\t\t\t\t\t\t\t\n\t\t\t\t\t\t<span class=\"elementor-button-text\" id=uael-post-1265>Leer m\u00e1s \u2192<\/span>\n\t\t\t\t\t<\/span>\n\t\t\t\t<\/a>\n\t\t\t\t\t\t<\/div>\n\t\t\t\n\t\t<\/div>\n\t\t\n\t<\/div>\n\n<\/div>\n\n<div class=\"uael-post-wrapper   efem\u00e9rides \">\n\t<div class=\"uael-post__bg-wrap\">\n\n\t\t\t\t\t<a href=\"https:\/\/aapra.org.ar\/?p=1221\" target=\"_blank\" class=\"uael-post__complete-box-overlay\" aria-label=\"Link Complete Box\"><\/a>\n\t\t\t\t\n\t\t<div class=\"uael-post__inner-wrap\">\n\n\t\t\t\t<div class=\"uael-post__thumbnail\">\n\t\t\t\n\t\t\t<a href=\"https:\/\/aapra.org.ar\/?p=1221\" target=\"_self\" title=\"Arqueolog\u00eda. Ciencia y DDHH\"><img decoding=\"async\" width=\"1600\" height=\"1135\" src=\"https:\/\/aapra.org.ar\/wp-content\/uploads\/2026\/03\/WhatsApp-Image-2026-03-23-at-13.47.43.jpeg\" class=\"attachment-full size-full wp-image-1255\" alt=\"\" srcset=\"https:\/\/aapra.org.ar\/wp-content\/uploads\/2026\/03\/WhatsApp-Image-2026-03-23-at-13.47.43.jpeg 1600w, https:\/\/aapra.org.ar\/wp-content\/uploads\/2026\/03\/WhatsApp-Image-2026-03-23-at-13.47.43-300x213.jpeg 300w, https:\/\/aapra.org.ar\/wp-content\/uploads\/2026\/03\/WhatsApp-Image-2026-03-23-at-13.47.43-1024x726.jpeg 1024w, https:\/\/aapra.org.ar\/wp-content\/uploads\/2026\/03\/WhatsApp-Image-2026-03-23-at-13.47.43-768x545.jpeg 768w, https:\/\/aapra.org.ar\/wp-content\/uploads\/2026\/03\/WhatsApp-Image-2026-03-23-at-13.47.43-1536x1090.jpeg 1536w, https:\/\/aapra.org.ar\/wp-content\/uploads\/2026\/03\/WhatsApp-Image-2026-03-23-at-13.47.43-850x603.jpeg 850w\" sizes=\"(max-width: 1600px) 100vw, 1600px\" \/><\/a>\n\t\t\t\t\t<\/div>\n\t\t\n\t\t\t\n\t\t\t<div class=\"uael-post__content-wrap\">\n\t\t\t\t\t\t\t<div class=\"uael-post__terms-wrap\"><span class=\"uael-post__terms\"><a href=\"https:\/\/aapra.org.ar\/?cat=39\" class=\"uael-listing__terms-link\" id=\"uael-post-term-efemerides\" aria-labelledby=\"uael-post-term-efemerides\">Efem\u00e9rides<\/a><\/span><\/div>\n\t\t\t\t\t\t<h3 class=\"uael-post__title\">\n\n\t\t\n\t\t\t\t\t\t<a href=\"https:\/\/aapra.org.ar\/?p=1221\" target=\"_blank\">\n\t\t\t\tArqueolog\u00eda. Ciencia y DDHH\t\t\t<\/a>\n\n\t\t\t\t<\/h3>\n\t\t\t\t\t<div class=\"uael-post__meta-data\">\n\t\t\t\t\t<span class=\"uael-post__date\">\n\t\t\t\t\t\t\t\t\t\t\t\t\t<i aria-hidden=\"true\" class=\"fa fa-calendar\"><\/i>\t\t\t\t\t\t\t\t\t\n\t\t\t2026-03-23\t\t<\/span>\n\t\t\t\t<\/div>\n\t\t\n\t\t<div class=\"uael-post__excerpt\">\n\t\t\tPor: Laboratorio de Investigaciones del Grupo Interdisciplinario de Arqueolog\u00eda y Antropolog\u00eda de Tucum\u00e1n (LIGIAAT) A cincuenta a\u00f1os del inicio de la \u00faltima dictadura militar en Argentina, la incorporaci\u00f3n de la arqueolog\u00eda del pasado contempor\u00e1neo, la antropolog\u00eda, la sociolog\u00eda, la geolog\u00eda, la gen\u00e9tica y otras disciplinas cient\u00edficas han resultado ...\t\t<\/div>\n\n\t\t\t\t\t<a class=\"uael-post__read-more elementor-button\" href=\"https:\/\/aapra.org.ar\/?p=1221\" target=\"_blank\" aria-labelledby=\"uael-post-1221\">\n\t\t\t\t\t<span class=\"elementor-button-content-wrapper\">\n\t\t\t\t\t\t\t\t\t\t\t\t\t\t<span class=\"elementor-button-icon elementor-align-icon-left\">\n\n\t\t\t\t\t\t\t\t\t\n\t\t\t\t\t\t\t\t<\/span>\n\t\t\t\t\t\t\t\t\t\t\t\t\t\n\t\t\t\t\t\t<span class=\"elementor-button-text\" id=uael-post-1221>Leer m\u00e1s \u2192<\/span>\n\t\t\t\t\t<\/span>\n\t\t\t\t<\/a>\n\t\t\t\t\t\t<\/div>\n\t\t\t\n\t\t<\/div>\n\t\t\n\t<\/div>\n\n<\/div>\n\n<div class=\"uael-post-wrapper   efem\u00e9rides \">\n\t<div class=\"uael-post__bg-wrap\">\n\n\t\t\t\t\t<a href=\"https:\/\/aapra.org.ar\/?p=1183\" target=\"_blank\" class=\"uael-post__complete-box-overlay\" aria-label=\"Link Complete Box\"><\/a>\n\t\t\t\t\n\t\t<div class=\"uael-post__inner-wrap\">\n\n\t\t\t\t<div class=\"uael-post__thumbnail\">\n\t\t\t\n\t\t\t<a href=\"https:\/\/aapra.org.ar\/?p=1183\" target=\"_self\" title=\"11 de febrero &#8211;\u00a0 D\u00eda Internacional de la Mujer y la Ni\u00f1a en la Ciencia\"><img decoding=\"async\" width=\"1292\" height=\"1073\" src=\"https:\/\/aapra.org.ar\/wp-content\/uploads\/2026\/02\/0.-Portada.jpeg\" class=\"attachment-full size-full wp-image-1184\" alt=\"\" srcset=\"https:\/\/aapra.org.ar\/wp-content\/uploads\/2026\/02\/0.-Portada.jpeg 1292w, https:\/\/aapra.org.ar\/wp-content\/uploads\/2026\/02\/0.-Portada-300x249.jpeg 300w, https:\/\/aapra.org.ar\/wp-content\/uploads\/2026\/02\/0.-Portada-1024x850.jpeg 1024w, https:\/\/aapra.org.ar\/wp-content\/uploads\/2026\/02\/0.-Portada-768x638.jpeg 768w, https:\/\/aapra.org.ar\/wp-content\/uploads\/2026\/02\/0.-Portada-850x706.jpeg 850w\" sizes=\"(max-width: 1292px) 100vw, 1292px\" \/><\/a>\n\t\t\t\t\t<\/div>\n\t\t\n\t\t\t\n\t\t\t<div class=\"uael-post__content-wrap\">\n\t\t\t\t\t\t\t<div class=\"uael-post__terms-wrap\"><span class=\"uael-post__terms\"><a href=\"https:\/\/aapra.org.ar\/?cat=39\" class=\"uael-listing__terms-link\" id=\"uael-post-term-efemerides\" aria-labelledby=\"uael-post-term-efemerides\">Efem\u00e9rides<\/a><\/span><\/div>\n\t\t\t\t\t\t<h3 class=\"uael-post__title\">\n\n\t\t\n\t\t\t\t\t\t<a href=\"https:\/\/aapra.org.ar\/?p=1183\" target=\"_blank\">\n\t\t\t\t11 de febrero &#8211;\u00a0 D\u00eda Internacional de la Mujer y la Ni\u00f1a en la Ciencia\t\t\t<\/a>\n\n\t\t\t\t<\/h3>\n\t\t\t\t\t<div class=\"uael-post__meta-data\">\n\t\t\t\t\t<span class=\"uael-post__date\">\n\t\t\t\t\t\t\t\t\t\t\t\t\t<i aria-hidden=\"true\" class=\"fa fa-calendar\"><\/i>\t\t\t\t\t\t\t\t\t\n\t\t\t2026-02-10\t\t<\/span>\n\t\t\t\t<\/div>\n\t\t\n\t\t<div class=\"uael-post__excerpt\">\n\t\t\tArqueo-escuela es un equipo de divulgaci\u00f3n de la arqueolog\u00eda creado en el 2016, integrado por arque\u00f3logxs y antrop\u00f3logxs con formaci\u00f3n y experiencia docente. Desarrollamos propuestas para p\u00fablicos diversos, especialmente infancias y j\u00f3venes, tanto de zonas urbanas como rurales. Contamos con dos sedes que operan en AMBA y Jujuy, ...\t\t<\/div>\n\n\t\t\t\t\t<a class=\"uael-post__read-more elementor-button\" href=\"https:\/\/aapra.org.ar\/?p=1183\" target=\"_blank\" aria-labelledby=\"uael-post-1183\">\n\t\t\t\t\t<span class=\"elementor-button-content-wrapper\">\n\t\t\t\t\t\t\t\t\t\t\t\t\t\t<span class=\"elementor-button-icon elementor-align-icon-left\">\n\n\t\t\t\t\t\t\t\t\t\n\t\t\t\t\t\t\t\t<\/span>\n\t\t\t\t\t\t\t\t\t\t\t\t\t\n\t\t\t\t\t\t<span class=\"elementor-button-text\" id=uael-post-1183>Leer m\u00e1s \u2192<\/span>\n\t\t\t\t\t<\/span>\n\t\t\t\t<\/a>\n\t\t\t\t\t\t<\/div>\n\t\t\t\n\t\t<\/div>\n\t\t\n\t<\/div>\n\n<\/div>\n\n<div class=\"uael-post-wrapper   comunicados \">\n\t<div class=\"uael-post__bg-wrap\">\n\n\t\t\t\t\t<a href=\"https:\/\/aapra.org.ar\/?p=1121\" target=\"_blank\" class=\"uael-post__complete-box-overlay\" aria-label=\"Link Complete Box\"><\/a>\n\t\t\t\t\n\t\t<div class=\"uael-post__inner-wrap\">\n\n\t\t\t\t<div class=\"uael-post__thumbnail\">\n\t\t\t\n\t\t\t<a href=\"https:\/\/aapra.org.ar\/?p=1121\" target=\"_self\" title=\"Carta a Senadores Nacionales por el presupuesto a Ciencia y T\u00e9cnica\"><img loading=\"lazy\" decoding=\"async\" width=\"1400\" height=\"700\" src=\"https:\/\/aapra.org.ar\/wp-content\/uploads\/2025\/12\/Imagenes-web-AAPRA-4.png\" class=\"attachment-full size-full wp-image-1124\" alt=\"\" srcset=\"https:\/\/aapra.org.ar\/wp-content\/uploads\/2025\/12\/Imagenes-web-AAPRA-4.png 1400w, https:\/\/aapra.org.ar\/wp-content\/uploads\/2025\/12\/Imagenes-web-AAPRA-4-300x150.png 300w, https:\/\/aapra.org.ar\/wp-content\/uploads\/2025\/12\/Imagenes-web-AAPRA-4-1024x512.png 1024w, https:\/\/aapra.org.ar\/wp-content\/uploads\/2025\/12\/Imagenes-web-AAPRA-4-768x384.png 768w, https:\/\/aapra.org.ar\/wp-content\/uploads\/2025\/12\/Imagenes-web-AAPRA-4-850x425.png 850w\" sizes=\"(max-width: 1400px) 100vw, 1400px\" \/><\/a>\n\t\t\t\t\t<\/div>\n\t\t\n\t\t\t\n\t\t\t<div class=\"uael-post__content-wrap\">\n\t\t\t\t\t\t\t<div class=\"uael-post__terms-wrap\"><span class=\"uael-post__terms\"><a href=\"https:\/\/aapra.org.ar\/?cat=24\" class=\"uael-listing__terms-link\" id=\"uael-post-term-comunicados\" aria-labelledby=\"uael-post-term-comunicados\">Comunicados<\/a><\/span><\/div>\n\t\t\t\t\t\t<h3 class=\"uael-post__title\">\n\n\t\t\n\t\t\t\t\t\t<a href=\"https:\/\/aapra.org.ar\/?p=1121\" target=\"_blank\">\n\t\t\t\tCarta a Senadores Nacionales por el presupuesto a Ciencia y T\u00e9cnica\t\t\t<\/a>\n\n\t\t\t\t<\/h3>\n\t\t\t\t\t<div class=\"uael-post__meta-data\">\n\t\t\t\t\t<span class=\"uael-post__date\">\n\t\t\t\t\t\t\t\t\t\t\t\t\t<i aria-hidden=\"true\" class=\"fa fa-calendar\"><\/i>\t\t\t\t\t\t\t\t\t\n\t\t\t2025-12-27\t\t<\/span>\n\t\t\t\t<\/div>\n\t\t\n\t\t<div class=\"uael-post__excerpt\">\n\t\t\tA las Se\u00f1oras y Se\u00f1ores Senadores de la Naci\u00f3nHonorable C\u00e1mara de SenadoresCongreso de la Naci\u00f3n Argentina Asunto: Proyecto de Ley de Presupuesto 2026 \u2013 Observaciones sobre el cumplimiento de la Ley 27.614 Desde la Asociaci\u00f3n de Arque\u00f3logos Profesionales de la Rep\u00fablica Argentina (AAPRA) expresamos nuestra profunda preocupaci\u00f3n y ...\t\t<\/div>\n\n\t\t\t\t\t<a class=\"uael-post__read-more elementor-button\" href=\"https:\/\/aapra.org.ar\/?p=1121\" target=\"_blank\" aria-labelledby=\"uael-post-1121\">\n\t\t\t\t\t<span class=\"elementor-button-content-wrapper\">\n\t\t\t\t\t\t\t\t\t\t\t\t\t\t<span class=\"elementor-button-icon elementor-align-icon-left\">\n\n\t\t\t\t\t\t\t\t\t\n\t\t\t\t\t\t\t\t<\/span>\n\t\t\t\t\t\t\t\t\t\t\t\t\t\n\t\t\t\t\t\t<span class=\"elementor-button-text\" id=uael-post-1121>Leer m\u00e1s \u2192<\/span>\n\t\t\t\t\t<\/span>\n\t\t\t\t<\/a>\n\t\t\t\t\t\t<\/div>\n\t\t\t\n\t\t<\/div>\n\t\t\n\t<\/div>\n\n<\/div>\n\t\t\t\t<\/div>\n\t\t\t\t\t\t\n\t\t<\/div>\n\n\t\t\t\t\t\t<\/div>\n\t\t<div class=\"uael-post__footer\">\n\t\t\t\t\t\t<nav class=\"uael-grid-pagination\"  role=\"navigation\" aria-label=\"Pagination\" data-total=\"3\" data-next-page=\"2\">\n\t\t\t\t<span aria-current=\"page\" class=\"page-numbers current\">1<\/span>\n<a class=\"page-numbers\" href=\"https:\/\/aapra.org.ar\/index.php\/?paged=2&#038;rest_route=%2Fwp%2Fv2%2Fpages%2F12\">2<\/a>\n<a class=\"page-numbers\" href=\"https:\/\/aapra.org.ar\/index.php\/?paged=3&#038;rest_route=%2Fwp%2Fv2%2Fpages%2F12\">3<\/a>\n<a class=\"next page-numbers\" href=\"https:\/\/aapra.org.ar\/index.php\/?paged=2&#038;rest_route=%2Fwp%2Fv2%2Fpages%2F12\">Siguiente &raquo;<\/a>\t\t\t<\/nav>\n\t\t\t\t\t<\/div>\n\t\t\t\t\t\t<\/div>\n\t\t\t\t<\/div>\n\t\t\t\t\t<\/div>\n\t\t\t\t<\/div>\n\t\t\t\t<\/div>\n\t\t","protected":false},"excerpt":{"rendered":"<p>Ciencia A 100 a\u00f1os de la Masacre de Napalp\u00ed, hacemos memoria 2024-07-19 El 19 de julio de 1924 Gendarmer\u00eda y Polic\u00eda, con la ayuda de un avi\u00f3n militar, asesinaron a m\u00e1s de 400 personas de los pueblos Qom y Mocov\u00ed. Desde la AAPRA conmemoramos uno de los d\u00edas m\u00e1s oscuros del genocidio ind\u00edgena durante el&#8230;<\/p>\n","protected":false},"author":1,"featured_media":0,"parent":0,"menu_order":0,"comment_status":"closed","ping_status":"closed","template":"","meta":{"footnotes":""},"class_list":["post-12","page","type-page","status-publish","hentry"],"_links":{"self":[{"href":"https:\/\/aapra.org.ar\/index.php?rest_route=\/wp\/v2\/pages\/12","targetHints":{"allow":["GET"]}}],"collection":[{"href":"https:\/\/aapra.org.ar\/index.php?rest_route=\/wp\/v2\/pages"}],"about":[{"href":"https:\/\/aapra.org.ar\/index.php?rest_route=\/wp\/v2\/types\/page"}],"author":[{"embeddable":true,"href":"https:\/\/aapra.org.ar\/index.php?rest_route=\/wp\/v2\/users\/1"}],"replies":[{"embeddable":true,"href":"https:\/\/aapra.org.ar\/index.php?rest_route=%2Fwp%2Fv2%2Fcomments&post=12"}],"version-history":[{"count":20,"href":"https:\/\/aapra.org.ar\/index.php?rest_route=\/wp\/v2\/pages\/12\/revisions"}],"predecessor-version":[{"id":734,"href":"https:\/\/aapra.org.ar\/index.php?rest_route=\/wp\/v2\/pages\/12\/revisions\/734"}],"wp:attachment":[{"href":"https:\/\/aapra.org.ar\/index.php?rest_route=%2Fwp%2Fv2%2Fmedia&parent=12"}],"curies":[{"name":"wp","href":"https:\/\/api.w.org\/{rel}","templated":true}]}}